{"id":23,"date":"2013-03-23T13:05:51","date_gmt":"2013-03-23T13:05:51","guid":{"rendered":"http:\/\/themenectar.com\/demo\/salient\/?page_id=23"},"modified":"2019-12-06T03:21:37","modified_gmt":"2019-12-06T03:21:37","slug":"features","status":"publish","type":"page","link":"https:\/\/ibccguatemala.com\/?page_id=23","title":{"rendered":"Descripci\u00f3n de Cursos"},"content":{"rendered":"[vc_row type=\u00bbin_container\u00bb full_screen_row_position=\u00bbmiddle\u00bb column_margin=\u00bbdefault\u00bb scene_position=\u00bbcenter\u00bb text_color=\u00bbdark\u00bb text_align=\u00bbleft\u00bb overlay_strength=\u00bb0.3&#8243; shape_divider_position=\u00bbbottom\u00bb bg_image_animation=\u00bbnone\u00bb][vc_column column_padding=\u00bbno-extra-padding\u00bb column_padding_position=\u00bball\u00bb background_color_opacity=\u00bb1&#8243; background_hover_color_opacity=\u00bb1&#8243; column_link_target=\u00bb_self\u00bb column_shadow=\u00bbnone\u00bb column_border_radius=\u00bbnone\u00bb width=\u00bb1\/1&#8243; tablet_width_inherit=\u00bbdefault\u00bb tablet_text_alignment=\u00bbdefault\u00bb phone_text_alignment=\u00bbdefault\u00bb overlay_strength=\u00bb0.3&#8243; column_border_width=\u00bbnone\u00bb column_border_style=\u00bbsolid\u00bb bg_image_animation=\u00bbnone\u00bb][vc_column_text]\r\n<p>Adem\u00e1s de nuestras clases regulares, recibimos visitas de pastores y misioneros a lo largo del a\u00f1o escolar que tambi\u00e9n comparten con nuestros estudiantes.<\/p>\r\n[\/vc_column_text][\/vc_column][\/vc_row][vc_row type=\u00bbin_container\u00bb full_screen_row_position=\u00bbmiddle\u00bb column_margin=\u00bbdefault\u00bb scene_position=\u00bbcenter\u00bb text_color=\u00bbdark\u00bb text_align=\u00bbleft\u00bb overlay_strength=\u00bb0.3&#8243; shape_divider_position=\u00bbbottom\u00bb bg_image_animation=\u00bbnone\u00bb][vc_column column_padding=\u00bbpadding-10-percent\u00bb column_padding_position=\u00bbleft-right\u00bb background_color_opacity=\u00bb1&#8243; background_hover_color_opacity=\u00bb1&#8243; column_link_target=\u00bb_self\u00bb column_shadow=\u00bbnone\u00bb column_border_radius=\u00bbnone\u00bb width=\u00bb1\/2&#8243; tablet_width_inherit=\u00bbdefault\u00bb tablet_text_alignment=\u00bbdefault\u00bb phone_text_alignment=\u00bbdefault\u00bb overlay_strength=\u00bb0.3&#8243; column_border_width=\u00bbnone\u00bb column_border_style=\u00bbsolid\u00bb bg_image_animation=\u00bbnone\u00bb][heading subtitle=\u00bbFebrero &#8211; Mayo\u00bb]\r\n<p>SEMESTRE DE PRIMAVERA<\/p>\r\n[\/heading]<div class=\"nectar-fancy-ul\" data-list-icon=\"icon-salient-thin-line\" data-animation=\"true\" data-animation-delay=\"150\" data-color=\"accent-color\" data-spacing=\"default\" data-alignment=\"left\"> \r\n<ul>\r\n<li>Liderazgo Espiritual<\/li>\r\n<li>M\u00e9todo de Estudio Inductivo<\/li>\r\n<li>Apolog\u00e9tica<\/li>\r\n<li>Misiones<\/li>\r\n<li>Deuteronomio<\/li>\r\n<li>Reyes de Israel<\/li>\r\n<li>Proverbios<\/li>\r\n<li>Daniel<\/li>\r\n<li>Evangelio de Juan<\/li>\r\n<li>Hechos<\/li>\r\n<li>1 Corintios<\/li>\r\n<\/ul>\r\n <\/div>[\/vc_column][vc_column column_padding=\u00bbpadding-10-percent\u00bb column_padding_position=\u00bbleft-right\u00bb background_color_opacity=\u00bb1&#8243; background_hover_color_opacity=\u00bb1&#8243; column_link_target=\u00bb_self\u00bb column_shadow=\u00bbnone\u00bb column_border_radius=\u00bbnone\u00bb width=\u00bb1\/2&#8243; tablet_width_inherit=\u00bbdefault\u00bb tablet_text_alignment=\u00bbdefault\u00bb phone_text_alignment=\u00bbdefault\u00bb overlay_strength=\u00bb0.3&#8243; column_border_width=\u00bbnone\u00bb column_border_style=\u00bbsolid\u00bb bg_image_animation=\u00bbnone\u00bb][heading subtitle=\u00bbAgosto &#8211; Diciembre\u00bb]\r\n<p>SEMESTRE DE OTO\u00d1O<\/p>\r\n[\/heading]<div class=\"nectar-fancy-ul\" data-list-icon=\"icon-salient-thin-line\" data-animation=\"true\" data-animation-delay=\"150\" data-color=\"accent-color\" data-spacing=\"default\" data-alignment=\"left\"> \r\n<ul>\r\n<li>Consejer\u00eda B\u00edblica<\/li>\r\n<li>Historia de la Iglesia<\/li>\r\n<li>Discipulado<\/li>\r\n<li>Distintivos de Calvary Chapel<\/li>\r\n<li>Masculinidad y Feminidad B\u00edblicas<\/li>\r\n<li>G\u00e9nesis<\/li>\r\n<li>Lecciones de la vida de David<\/li>\r\n<li>Profetas Menores<\/li>\r\n<li>Romanos<\/li>\r\n<li>Ep\u00edstolas Pastorales<\/li>\r\n<li>Apocalipsis<\/li>\r\n<\/ul>\r\n <\/div>[\/vc_column][\/vc_row][vc_row type=\u00bbin_container\u00bb full_screen_row_position=\u00bbmiddle\u00bb column_margin=\u00bbdefault\u00bb scene_position=\u00bbcenter\u00bb text_color=\u00bbdark\u00bb text_align=\u00bbleft\u00bb overlay_strength=\u00bb0.3&#8243; shape_divider_position=\u00bbbottom\u00bb bg_image_animation=\u00bbnone\u00bb][vc_column column_padding=\u00bbno-extra-padding\u00bb column_padding_position=\u00bball\u00bb background_color_opacity=\u00bb1&#8243; background_hover_color_opacity=\u00bb1&#8243; column_link_target=\u00bb_self\u00bb column_shadow=\u00bbnone\u00bb column_border_radius=\u00bbnone\u00bb width=\u00bb1\/1&#8243; tablet_width_inherit=\u00bbdefault\u00bb tablet_text_alignment=\u00bbdefault\u00bb phone_text_alignment=\u00bbdefault\u00bb overlay_strength=\u00bb0.3&#8243; column_border_width=\u00bbnone\u00bb column_border_style=\u00bbsolid\u00bb bg_image_animation=\u00bbnone\u00bb][vc_column_text]\r\n<p style=\"text-align: center;\">Adem\u00e1s en cada semestre los estudiantes deben cumplir con estos requisitos:<\/p>\r\n[\/vc_column_text][\/vc_column][\/vc_row][vc_row type=\u00bbin_container\u00bb full_screen_row_position=\u00bbmiddle\u00bb column_margin=\u00bbdefault\u00bb scene_position=\u00bbcenter\u00bb text_color=\u00bbdark\u00bb text_align=\u00bbleft\u00bb overlay_strength=\u00bb0.3&#8243; shape_divider_position=\u00bbbottom\u00bb bg_image_animation=\u00bbnone\u00bb][vc_column centered_text=\u00bbtrue\u00bb column_padding=\u00bbno-extra-padding\u00bb column_padding_position=\u00bball\u00bb background_color_opacity=\u00bb1&#8243; background_hover_color_opacity=\u00bb1&#8243; column_link_target=\u00bb_self\u00bb column_shadow=\u00bbnone\u00bb column_border_radius=\u00bbnone\u00bb width=\u00bb1\/3&#8243; tablet_width_inherit=\u00bbdefault\u00bb tablet_text_alignment=\u00bbdefault\u00bb phone_text_alignment=\u00bbdefault\u00bb overlay_strength=\u00bb0.3&#8243; column_border_width=\u00bbnone\u00bb column_border_style=\u00bbsolid\u00bb bg_image_animation=\u00bbnone\u00bb][nectar_icon icon_family=\u00bbfontawesome\u00bb icon_style=\u00bbborder-animation\u00bb icon_border_thickness=\u00bb2px\u00bb icon_color=\u00bbAccent-Color\u00bb icon_padding=\u00bb20px\u00bb icon_fontawesome=\u00bbfa fa-book\u00bb icon_size=\u00bb50&#8243;][heading subtitle=\u00bbLeer y tomar notas mientras estudian la Biblia completa en un a\u00f1o.\u00bb]\r\n<p>Chuck Tracks<\/p>\r\n[\/heading][\/vc_column][vc_column centered_text=\u00bbtrue\u00bb column_padding=\u00bbno-extra-padding\u00bb column_padding_position=\u00bball\u00bb background_color_opacity=\u00bb1&#8243; background_hover_color_opacity=\u00bb1&#8243; column_link_target=\u00bb_self\u00bb column_shadow=\u00bbnone\u00bb column_border_radius=\u00bbnone\u00bb width=\u00bb1\/3&#8243; tablet_width_inherit=\u00bbdefault\u00bb tablet_text_alignment=\u00bbdefault\u00bb phone_text_alignment=\u00bbdefault\u00bb overlay_strength=\u00bb0.3&#8243; column_border_width=\u00bbnone\u00bb column_border_style=\u00bbsolid\u00bb bg_image_animation=\u00bbnone\u00bb][nectar_icon icon_family=\u00bbfontawesome\u00bb icon_style=\u00bbborder-animation\u00bb icon_border_thickness=\u00bb2px\u00bb icon_color=\u00bbAccent-Color\u00bb icon_padding=\u00bb20px\u00bb icon_fontawesome=\u00bbfa fa-spinner\u00bb icon_size=\u00bb50&#8243;][heading subtitle=\u00bbActividades de servicio diarias para bendecir a la iglesia local y la comunidad.\u00bb]\r\n<p>Servicio<\/p>\r\n[\/heading][\/vc_column][vc_column centered_text=\u00bbtrue\u00bb column_padding=\u00bbno-extra-padding\u00bb column_padding_position=\u00bball\u00bb background_color_opacity=\u00bb1&#8243; background_hover_color_opacity=\u00bb1&#8243; column_link_target=\u00bb_self\u00bb column_shadow=\u00bbnone\u00bb column_border_radius=\u00bbnone\u00bb width=\u00bb1\/3&#8243; tablet_width_inherit=\u00bbdefault\u00bb tablet_text_alignment=\u00bbdefault\u00bb phone_text_alignment=\u00bbdefault\u00bb overlay_strength=\u00bb0.3&#8243; column_border_width=\u00bbnone\u00bb column_border_style=\u00bbsolid\u00bb bg_image_animation=\u00bbnone\u00bb][nectar_icon icon_family=\u00bbfontawesome\u00bb icon_style=\u00bbborder-animation\u00bb icon_border_thickness=\u00bb2px\u00bb icon_color=\u00bbAccent-Color\u00bb icon_padding=\u00bb20px\u00bb icon_fontawesome=\u00bbfa fa-bus\u00bb icon_size=\u00bb50&#8243;][heading subtitle=\u00bbNos unimos con la iglesia local en alg\u00fan lugar en el interior de Guatemala durante una semana.\u00bb]\r\n<p>Semana de Misiones<\/p>\r\n[\/heading][\/vc_column][\/vc_row]","protected":false},"excerpt":{"rendered":"<p>[vc_row type=\u00bbin_container\u00bb full_screen_row_position=\u00bbmiddle\u00bb column_margin=\u00bbdefault\u00bb scene_position=\u00bbcenter\u00bb text_color=\u00bbdark\u00bb text_align=\u00bbleft\u00bb overlay_strength=\u00bb0.3&#8243; shape_divider_position=\u00bbbottom\u00bb bg_image_animation=\u00bbnone\u00bb][vc_column column_padding=\u00bbno-extra-padding\u00bb column_padding_position=\u00bball\u00bb background_color_opacity=\u00bb1&#8243; background_hover_color_opacity=\u00bb1&#8243; column_link_target=\u00bb_self\u00bb column_shadow=\u00bbnone\u00bb column_border_radius=\u00bbnone\u00bb width=\u00bb1\/1&#8243; tablet_width_inherit=\u00bbdefault\u00bb tablet_text_alignment=\u00bbdefault\u00bb phone_text_alignment=\u00bbdefault\u00bb overlay_strength=\u00bb0.3&#8243; column_border_width=\u00bbnone\u00bb column_border_style=\u00bbsolid\u00bb bg_image_animation=\u00bbnone\u00bb][vc_column_text]&#8230;<\/p>\n","protected":false},"author":1,"featured_media":0,"parent":0,"menu_order":0,"comment_status":"open","ping_status":"open","template":"","meta":{"footnotes":""},"class_list":["post-23","page","type-page","status-publish"],"_links":{"self":[{"href":"https:\/\/ibccguatemala.com\/index.php?rest_route=\/wp\/v2\/pages\/23","targetHints":{"allow":["GET"]}}],"collection":[{"href":"https:\/\/ibccguatemala.com\/index.php?rest_route=\/wp\/v2\/pages"}],"about":[{"href":"https:\/\/ibccguatemala.com\/index.php?rest_route=\/wp\/v2\/types\/page"}],"author":[{"embeddable":true,"href":"https:\/\/ibccguatemala.com\/index.php?rest_route=\/wp\/v2\/users\/1"}],"replies":[{"embeddable":true,"href":"https:\/\/ibccguatemala.com\/index.php?rest_route=%2Fwp%2Fv2%2Fcomments&post=23"}],"version-history":[{"count":15,"href":"https:\/\/ibccguatemala.com\/index.php?rest_route=\/wp\/v2\/pages\/23\/revisions"}],"predecessor-version":[{"id":5978,"href":"https:\/\/ibccguatemala.com\/index.php?rest_route=\/wp\/v2\/pages\/23\/revisions\/5978"}],"wp:attachment":[{"href":"https:\/\/ibccguatemala.com\/index.php?rest_route=%2Fwp%2Fv2%2Fmedia&parent=23"}],"curies":[{"name":"wp","href":"https:\/\/api.w.org\/{rel}","templated":true}]}}

Descripción de Cursos

[vc_row type=»in_container» full_screen_row_position=»middle» column_margin=»default» scene_position=»center» text_color=»dark» text_align=»left» overlay_strength=»0.3&#8243; shape_divider_position=»bottom» bg_image_animation=»none»][vc_column column_padding=»no-extra-padding» column_padding_position=»all» background_color_opacity=»1&#8243; background_hover_color_opacity=»1&#8243; column_link_target=»_self» column_shadow=»none» column_border_radius=»none» width=»1/1&#8243; tablet_width_inherit=»default» tablet_text_alignment=»default» phone_text_alignment=»default» overlay_strength=»0.3&#8243; column_border_width=»none» column_border_style=»solid» bg_image_animation=»none»][vc_column_text]
<p>Además de nuestras clases regulares, recibimos visitas de pastores y misioneros a lo largo del año escolar que también comparten con nuestros estudiantes.</p>
[/vc_column_text][/vc_column][/vc_row][vc_row type=»in_container» full_screen_row_position=»middle» column_margin=»default» scene_position=»center» text_color=»dark» text_align=»left» overlay_strength=»0.3&#8243; shape_divider_position=»bottom» bg_image_animation=»none»][vc_column column_padding=»padding-10-percent» column_padding_position=»left-right» background_color_opacity=»1&#8243; background_hover_color_opacity=»1&#8243; column_link_target=»_self» column_shadow=»none» column_border_radius=»none» width=»1/2&#8243; tablet_width_inherit=»default» tablet_text_alignment=»default» phone_text_alignment=»default» overlay_strength=»0.3&#8243; column_border_width=»none» column_border_style=»solid» bg_image_animation=»none»][heading subtitle=»Febrero &#8211; Mayo»]
<p>SEMESTRE DE PRIMAVERA</p>
[/heading]<div class="nectar-fancy-ul" data-list-icon="icon-salient-thin-line" data-animation="true" data-animation-delay="150" data-color="accent-color" data-spacing="default" data-alignment="left"> 
<ul>
<li>Liderazgo Espiritual</li>
<li>Método de Estudio Inductivo</li>
<li>Apologética</li>
<li>Misiones</li>
<li>Deuteronomio</li>
<li>Reyes de Israel</li>
<li>Proverbios</li>
<li>Daniel</li>
<li>Evangelio de Juan</li>
<li>Hechos</li>
<li>1 Corintios</li>
</ul>
 </div>[/vc_column][vc_column column_padding=»padding-10-percent» column_padding_position=»left-right» background_color_opacity=»1&#8243; background_hover_color_opacity=»1&#8243; column_link_target=»_self» column_shadow=»none» column_border_radius=»none» width=»1/2&#8243; tablet_width_inherit=»default» tablet_text_alignment=»default» phone_text_alignment=»default» overlay_strength=»0.3&#8243; column_border_width=»none» column_border_style=»solid» bg_image_animation=»none»][heading subtitle=»Agosto &#8211; Diciembre»]
<p>SEMESTRE DE OTOÑO</p>
[/heading]<div class="nectar-fancy-ul" data-list-icon="icon-salient-thin-line" data-animation="true" data-animation-delay="150" data-color="accent-color" data-spacing="default" data-alignment="left"> 
<ul>
<li>Consejería Bíblica</li>
<li>Historia de la Iglesia</li>
<li>Discipulado</li>
<li>Distintivos de Calvary Chapel</li>
<li>Masculinidad y Feminidad Bíblicas</li>
<li>Génesis</li>
<li>Lecciones de la vida de David</li>
<li>Profetas Menores</li>
<li>Romanos</li>
<li>Epístolas Pastorales</li>
<li>Apocalipsis</li>
</ul>
 </div>[/vc_column][/vc_row][vc_row type=»in_container» full_screen_row_position=»middle» column_margin=»default» scene_position=»center» text_color=»dark» text_align=»left» overlay_strength=»0.3&#8243; shape_divider_position=»bottom» bg_image_animation=»none»][vc_column column_padding=»no-extra-padding» column_padding_position=»all» background_color_opacity=»1&#8243; background_hover_color_opacity=»1&#8243; column_link_target=»_self» column_shadow=»none» column_border_radius=»none» width=»1/1&#8243; tablet_width_inherit=»default» tablet_text_alignment=»default» phone_text_alignment=»default» overlay_strength=»0.3&#8243; column_border_width=»none» column_border_style=»solid» bg_image_animation=»none»][vc_column_text]
<p style="text-align: center;">Además en cada semestre los estudiantes deben cumplir con estos requisitos:</p>
[/vc_column_text][/vc_column][/vc_row][vc_row type=»in_container» full_screen_row_position=»middle» column_margin=»default» scene_position=»center» text_color=»dark» text_align=»left» overlay_strength=»0.3&#8243; shape_divider_position=»bottom» bg_image_animation=»none»][vc_column centered_text=»true» column_padding=»no-extra-padding» column_padding_position=»all» background_color_opacity=»1&#8243; background_hover_color_opacity=»1&#8243; column_link_target=»_self» column_shadow=»none» column_border_radius=»none» width=»1/3&#8243; tablet_width_inherit=»default» tablet_text_alignment=»default» phone_text_alignment=»default» overlay_strength=»0.3&#8243; column_border_width=»none» column_border_style=»solid» bg_image_animation=»none»][nectar_icon icon_family=»fontawesome» icon_style=»border-animation» icon_border_thickness=»2px» icon_color=»Accent-Color» icon_padding=»20px» icon_fontawesome=»fa fa-book» icon_size=»50&#8243;][heading subtitle=»Leer y tomar notas mientras estudian la Biblia completa en un año.»]
<p>Chuck Tracks</p>
[/heading][/vc_column][vc_column centered_text=»true» column_padding=»no-extra-padding» column_padding_position=»all» background_color_opacity=»1&#8243; background_hover_color_opacity=»1&#8243; column_link_target=»_self» column_shadow=»none» column_border_radius=»none» width=»1/3&#8243; tablet_width_inherit=»default» tablet_text_alignment=»default» phone_text_alignment=»default» overlay_strength=»0.3&#8243; column_border_width=»none» column_border_style=»solid» bg_image_animation=»none»][nectar_icon icon_family=»fontawesome» icon_style=»border-animation» icon_border_thickness=»2px» icon_color=»Accent-Color» icon_padding=»20px» icon_fontawesome=»fa fa-spinner» icon_size=»50&#8243;][heading subtitle=»Actividades de servicio diarias para bendecir a la iglesia local y la comunidad.»]
<p>Servicio</p>
[/heading][/vc_column][vc_column centered_text=»true» column_padding=»no-extra-padding» column_padding_position=»all» background_color_opacity=»1&#8243; background_hover_color_opacity=»1&#8243; column_link_target=»_self» column_shadow=»none» column_border_radius=»none» width=»1/3&#8243; tablet_width_inherit=»default» tablet_text_alignment=»default» phone_text_alignment=»default» overlay_strength=»0.3&#8243; column_border_width=»none» column_border_style=»solid» bg_image_animation=»none»][nectar_icon icon_family=»fontawesome» icon_style=»border-animation» icon_border_thickness=»2px» icon_color=»Accent-Color» icon_padding=»20px» icon_fontawesome=»fa fa-bus» icon_size=»50&#8243;][heading subtitle=»Nos unimos con la iglesia local en algún lugar en el interior de Guatemala durante una semana.»]
<p>Semana de Misiones</p>
[/heading][/vc_column][/vc_row]
